he thousands digit of 2050477362?
7
What is the thousands digit of 156890460?
0
What is the tens digit of 1943650233?
3
What is the hundred millions digit of 1562881323?
5
What is the hundred thousands digit of 1838144701?
1
What is the tens digit of 19135825?
2
What is the ten thousands digit of 66215830?
1
What is the ten thousands digit of 654826268?
2
What is the hundreds digit of 56887251?
2
What is the ten millions digit of 130678390?
3
What is the ten thousands digit of 27414078?
1
What is the hundreds digit of 799730151?
1
What is the units digit of 303291175?
5
What is the hundred thousands digit of 79281921?
2
What is the billions digit of 1730751872?
1
What is the ten millions digit of 653169177?
5
What is the thousands digit of 21690099?
0
What is the units digit of 1129009667?
7
What is the billions digit of 1993101487?
1
What is the units digit of 75863393?
3
What is the hundred millions digit of 190415663?
1
What is the ten thousands digit of 70032823?
3
What is the hundred thousands digit of 405423621?
4
What is the hundreds digit of 17458945?
9
What is the tens digit of 3656941231?
3
What is the hundred thousands digit of 67044220?
0
What is the millions digit of 55254865?
5
What is the ten thousands digit of 332918338?
1
What is the hundred thousands digit of 1245318755?
3
What is the ten thousands digit of 218883316?
8
What is the thousands digit of 1601190967?
0
What is the units digit of 174612597?
7
What is the thousands digit of 3129268603?
8
What is the hundred millions digit of 899424936?
8
What is the tens digit of 300873635?
3
What is the ten millions digit of 229105216?
2
What is the ten thousands digit of 10616374?
1
What is the millions digit of 579952378?
9
What is the hundred millions digit of 1015229810?
0
What is the billions digit of 2666100054?
2
What is the millions digit of 44512371?
4
What is the thousands digit of 504482671?
2
What is the ten thousands digit of 112136698?
3
What is the millions digit of 2176447691?
6
What is the millions digit of 680620114?
0
What is the ten millions digit of 603241125?
0
What is the tens digit of 33102093?
9
What is the hundred thousands digit of 119462059?
4
What is the ten thousands digit of 9474950605?
5
What is the hundreds digit of 32592950?
9
What is the hundred thousands digit of 278230627?
2
What is the millions digit of 341582608?
1
What is the millions digit of 2613677042?
3
What is the millions digit of 126729831?
6
What is the ten thousands digit of 108079691?
7
What is the units digit of 2247791?
1
What is the billions digit of 3118531389?
3
What is the ten thousands digit of 26580360?
8
What is the ten millions digit of 66291629?
6
What is the hundreds digit of 47223121?
1
What is the millions digit of 10377518?
0
What is the hundred millions digit of 135955893?
1
What is the hundreds digit of 12773023?
0
What is the hundreds digit of 3246130877?
8
What is the thousands digit of 71657140?
7
What is the millions digit of 20380777?
0
What is the units digit of 158727435?
5
What is the hundreds digit of 13016724?
7
What is the hundreds digit of 45566562?
5
What is the thousands digit of 246341448?
1
What is the millions digit of 167935847?
7
What is the ten thousands digit of 1220512986?
1
What is the ten millions digit of 31617335?
3
What is the millions digit of 93903209?
3
What is the hundreds digit of 132155881?
8
What is the ten thousands digit of 1109360571?
6
What is the hundred millions digit of 111899444?
1
What is the ten millions digit of 256750004?
5
What is the units digit of 2021361380?
0
What is the tens digit of 46284075?
7
What is the tens digit of 868155957?
5
What is the ten thousands digit of 863340960?
4
What is the ten thousands digit of 49315706?
1
What is the units digit of 83362589?
9
What is the millions digit of 104481697?
4
What is the thousands digit of 558776626?
6
What is the ten millions digit of 2162879022?
6
What is the ten millions digit of 1699637760?
9
What is the billions digit of 1083494556?
1
What is the hundreds digit of 784485424?
4
What is the ten thousands digit of 337872712?
7
What is the ten millions digit of 27909631?
2
What is the hundred thousands digit of 1019949831?
9
What is the hundred thousands digit of 12383556?
3
What is the hundreds digit of 143202754?
7
What is the units digit of 1722677202?
2
What is the ten thousands digit of 84164613?
6
What is the tens digit of 148502906?
0
What is the tens digit of 1161658688?
8
What is the units digit of 268435255?
5
What is the hundred thousands digit of 1487699739?
6
What is the ten thousands digit of 237020177?
2
What is the units digit of 45210202?
2
What is the units digit of 571386198?
8
What is the tens digit of 586880260?
6
What is the hundreds digit of 67132223?
2
What is the hundred millions digit of 350310847?
3
What is the ten thousands digit of 42056669?
5
What is the hundreds digit of 652369138?
1
What is the units digit of 50569606?
6
What is the tens digit of 58212629?
2
What is the thousands digit of 164314219?
4
What is the tens digit of 780263101?
0
What is the units digit of 374683671?
1
What is the tens digit of 2012121703?
0
What is the ten millions digit of 137328134?
3
What is the units digit of 2593428380?
0
What is the ten millions digit of 911290065?
1
What is the hundreds digit of 20014778?
7
What is the hundred thousands digit of 8734414627?
4
What is the hundred millions digit of 348894210?
3
What is the units digit of 3595964705?
5
What is the units digit of 106768024?
4
What is the ten millions digit of 797795347?
9
What is the hundreds digit of 111832220?
2
What is the ten millions digit of 355453476?
5
What is the units digit of 2083524883?
3
What is the tens digit of 49982340?
4
What is the hundreds digit of 429077268?
2
What is the units digit of 4055385640?
0
What is the hundreds digit of 75861079?
0
What is the ten thousands digit of 26418362?
1
What is the millions digit of 1798704183?
8
What is the ten millions digit of 1269873551?
6
What is the hundred millions digit of 4532718777?
5
What is the ten millions digit of 112624529?
1
What is the hundred thousands digit of 203033217?
0
What is the ten millions digit of 927585200?
2
What is the hundred thousands digit of 97559184?
5
What is the hundreds digit of 3276233853?
8
What is the ten millions digit of 40123776?
4
What is the hundreds digit of 50989180?
1
What is the tens digit of 73294386?
8
What is the hundred thousands digit of 101678283?
6
What is the millions digit of 2354216828?
4
What is the thousands digit of 2538467954?
7
What is the millions digit of 4180568?
4
What is the tens digit of 593467020?
2
What is the ten millions digit of 203160921?
0
What is the ten thousands digit of 85066597?
6
What is the ten thousands digit of 2826327893?
2
What is the millions digit of 755376062?
5
What is the ten thousands digit of 98128525?
2
What is the hundred thousands digit of 8974173?
9
What is the millions digit of 60462219?
0
What is the ten thousands digit of 61464549?
6
What is the hundred millions digit of 284751055?
2
What is the thousands digit of 21411856?
1
What is the tens digit of 8332?
3
What is the hundred thousands digit of 58794838?
7
What is the hundred thousands digit of 314504663?
5
What is the billions digit of 1931685457?
1
What is the ten thousands digit of 375670785?
7
What is the hundreds digit of 158410877?
8
What is the hundreds digit of 529588587?
5
What is the ten millions digit of 119154782?
1
What is the hundred thousands digit of 24600902?
6
What is the hundreds digit of 19793666?
6
What is the tens digit of 2551169616?
1
What is the ten thousands digit of 602912652?
1
What is the tens digit of 6761883?
8
What is the thousands digit of 296554859?
4
What is the millions digit of 593240972?
3
What is the billions digit of 2680893796?
2
What is the ten millions digit of 1107792332?
0
What is the units digit of 36624026?
6
What is the ten thousands digit of 14161426?
6
What is the thousands digit of 501703307?
3
What is the hundred millions digit of 1654395852?
6
What is the ten thousands digit of 5756786201?
8
What is the millions digit of 299307251?
9
What is the thousands digit of 1302882190?
2
What is the hundred millions digit of 115458